 5*v, -4*v = 5*j - 2100 - 2507. Is j composite?
False
Let v(r) = 67*r**2 + 3*r - 1. Let d be v(3). Let o = 180 + d. Is o composite?
True
Let f(h) be the second derivative of h**5/20 - 4*h**4/3 - 7*h**3/3 + 9*h**2 + 12*h. Is f(17) a composite number?
True
Suppose n = -3*j + 14712, 3*j = 2*j - 2*n + 4909. Is j a prime number?
True
Let g = -16 - -16. Suppose g = u - 1, 0*t - 4*t + 2*u = 1178. Let x = t - -415. Is x prime?
False
Suppose -1018 = 5*q + 1372. Let a = -267 - q. Is a a prime number?
True
Let r(l) = 799*l + 746. Is r(11) a prime number?
False
Is (2368215/135)/(0 - 2/(-6)) prime?
True
Let a(z) = z**3 - 7*z**2 - 8*z + 5. Let b be a(8). Suppose b*x - 285 = 770. Is x prime?
True
Is 5077 + 2/13 + (-18)/117 composite?
False
Let r = -60 - -53. Let x(o) = -444*o + 1. Is x(r) a composite number?
False
Let l(n) = 2*n**2 - 2*n - 1. Let a be l(-1). Let g be (-2)/a - (-14)/3. Is ((-3544)/32)/((-1)/g) a composite number?
False
Let b be 15/(-2)*222/(-5). Let x = 757 - b. Suppose 3*s = 11*s - x. Is s a prime number?
True
Let r be 466 - (-1 - (3 + -3)). Suppose -773 = -5*v + y, -3*v + y - r = -6*v. Is v a composite number?
True
Suppose -3*r + 517 = -812. Is (r + 3)*(-1)/(-2) composite?
False
Let x = 145849 + -98523. Is x a prime number?
False
Let x(i) = -57*i - 230*i + 69*i - 250*i - 5. Is x(-3) a prime number?
True
Suppose o - 3*o + f = -7, 3*o - 9 = f. Let i be o*((-3204)/8 + 2). Let l = i - -1430. Is l prime?
False
Let g be ((-3)/(-2))/((-13)/(-286)). Is (403/39)/(1/g) composite?
True
Suppose 1 = 4*b - 63. Suppose 0*a + 4*a - b = 0, 0 = -3*c + a + 8. Suppose 0 = c*n - 4*m - m - 1286, 1587 = 5*n + 4*m. Is n a composite number?
True
Is (-2 + 4)/((-7)/((-7973)/2)) a composite number?
True
Suppose -2*m = -0*m - 250. Suppose -6 = -3*s, 2*s - 142 = -3*j - 0*s. Let y = m - j. Is y a prime number?
True
Let v(h) = -2*h**3 - 7*h**2 - 32*h - 13. Is v(-12) a prime number?
True
Let d(f) = 89*f + 19. Suppose 11*z - 3*z = 96. Is d(z) a composite number?
False
Is (-32510)/(19/((-190)/20)) composite?
True
Suppose 0 = 3*m - 3*d - 6525, -2*d + 4374 = 2*m + 2*d. Suppose 4*a + t + m = 6638, 3*t = -3*a + 3342. Is a composite?
True
Suppose 5*j - 10 = 3*j. Is 1333/j + 12/30 a prime number?
False
Let x(b) = 6*b**2 + 2*b - 8*b**2 + 1 + 2*b. Let i be x(3). Is 2 + i - (-48)/2 prime?
False
Let h = 3 - 7. Let m be 13 - (-6 - h - -5). Suppose m*q - 14*q + 4660 = 0. Is q prime?
False
Let d(s) = -7*s**3 + 3*s**2 + 7*s - 25. Let u(x) = -x**3 - 1. Let g(o) = d(o) - 4*u(o). Is g(-8) prime?
False
Let l = -365 - -504. Is l a prime number?
True
Let z(c) = c**2 + 2*c - 5. Let h be z(2). Suppose -5*l + 774 = 2*x, -x - 3*l - 742 = -h*x. Is x prime?
False
Let s(g) = -g**2 - 13*g + 17. Let h be s(-14). Let n be 100/(-6) + 2/3. Let t = h - n. Is t a prime number?
True
Suppose -3*x + 12 = x + 4*n, -5*x + 4*n = -6. Suppose 9 = x*c + 3. Is ((-34)/c)/((-16)/456) composite?
True
Let n(s) be the first derivative of -5*s**4/4 + 2*s**3/3 + 3*s**2/2 + s + 1. Let j be 8/14*49/(-14). Is n(j) a composite number?
False
Is 1302864/80 - 3 - (-1)/5 composite?
True
Let l(w) be the second derivative of w**4/12 - w**3 + 3*w**2 - 15*w. Is l(15) composite?
True
Let b(l) = -l**2 + 9*l + 13. Let y be b(10). Suppose -o = 3*f - 1, 0 = 3*f + y - 0. Suppose 345 = o*n - 3*t + 6*t, -3*n = -4*t - 265. Is n a prime number?
False
Let t(p) = -158*p**3 - p**2 + 14*p + 51. Is t(-6) prime?
False
Let g(q) = 3*q - 5*q - 17 + 9. Let f be g(-5). Suppose 5*m - 419 = 4*i, 0 = f*m - m + 2*i - 95. Is m prime?
False
Let j = 207 + -207. Let k(l) = l + 50 + 173 - 2*l. Is k(j) a prime number?
True
Let y(v) = 5296*v**3 - 3*v**2 - 15*v + 39. Is y(3) a composite number?
True
Let d = -3911 - -7012. Is d a composite number?
True
Let t(q) = -5*q**2 + 4*q + 1. Let f be t(2). Is (-43)/2*2*(f - -4) a prime number?
False
Let f = 5 - -122. Is f composite?
False
Let j = 752 + 1929. Is j a composite number?
True
Let n(t) = 8*t**2 + 29*t + 54. Is n(25) composite?
False
Is (-148)/12 - -12 - (-4340)/6 prime?
False
Let p be 58/((-12)/(-66)*2/(-8)). Let h = p + 2247. Is h composite?
False
Let d = 63 + -60. Is (-64)/192*127/(-1)*d prime?
True
Is 1254 - (1 + (-36)/(-6)) a composite number?
True
Is (113 - -732) + 1/(-1)*6 composite?
False
Let i(w) = w**2 + 2*w - 12. Let o be i(-5). Let r be (6 - 3)/(o/4). Suppose -2*b + r*z = 3*z - 519, 5*b - 5*z - 1300 = 0. Is b a composite number?
True
Let r(y) = -y**3 + 46*y**2 + 9*y + 203. Is r(25) a prime number?
True
Let u(d) be the first derivative of -10*d**2 + 7*d + 3. Let v be u(-15). Suppose -2*y + 3*y = v. Is y prime?
True
Let p(d) = 2*d**2 + 9*d - 7. Let z be p(-11). Suppose 0*t + z = 4*t. Suppose 0 = 5*h - 359 + t. Is h composite?
True
Suppose -1653 - 3881 = -2*v. Is v prime?
True
Let w(t) = 2*t**3 + 15*t - 30. Let b = -37 - -45. Is w(b) a prime number?
False
Let l = -100817 + 152964. Is l a composite number?
False
Let o = -66 + 146. Suppose -o = -3*t - t. Is 13/(4*1/t) composite?
True
Let g = 6913 - 1100. Is g a prime number?
True
Let n = 22 + -23. Is (-400 + (7 - 4))*n prime?
True
Suppose -15*c + 536 = -13*c. Suppose -s = 3*s - c. Is s composite?
False
Let k(v) = v**3 - 2*v**2 - 4*v - 5. Let f be k(-7). Let m(s) = -2*s**3 - 9*s**2 + s - 9. Let g be m(-9). Let h = g + f. Is h prime?
True
Suppose 0 = 5*y + 2*s - 1062, -3*y + 428 = -y + 4*s. Suppose -u = -y + 21. Is u composite?
False
Let b = 39 + -29. Suppose 5*m = -v - 0*m + 27, -15 = -3*m. Is ((-261)/(-15))/(v/b) a prime number?
False
Let c be (2640/100)/((-3)/(-220)). Let o = c - 1073. Suppose -m = -0*m - o. Is m a prime number?
True
Suppose 4*j = 26 - 6, 0 = -5*h + 3*j + 89020. Is h a composite number?
False
Let j(x) = -18*x**3 - 25*x**3 - 2*x**3 + 0*x**3. Let h be j(-1). Suppose -3*z + 3*d - 7*d = -h, -5*d - 91 = -4*z. Is z a prime number?
True
Let c be (-6)/(-45) + 849/45. Let a be c/(-2) + (-1)/2. Is (-6)/a + (-2724)/(-60) composite?
True
Suppose -7*c - 12422 = -u - 4*c, -u + 12432 = -5*c. Is u prime?
False
Let x = 350 + 456. Is x/12 + 1/(-6) a prime number?
True
Suppose y - 231 - 36 = 0. Let t be 3/(15/2)*5. Suppose y = t*s - 107. Is s composite?
True
Suppose -2*c + 1488 = 4*k, 63 = 2*c - 4*k - 1409. Suppose 0 = -5*q + q + c. Is q a prime number?
False
Let a = -1801 - -15554. Is a prime?
False
Let y = 50 - 24. Let f = y - -29. Is f a composite number?
True
Suppose 59 = -5*r + 74. Suppose -r*b - q = -8233, -b + 1040 = 4*q - 1719. Is b composite?
True
Let o be (-24)/8 + (0 - -3). Suppose 6 = 2*s - o. Suppose -4*p + 3*p + s*m = -8, -4*p + 97 = m. Is p a composite number?
False
Let g = 83 - 21. Suppose -d - q = -g, q = -5*d - 3*q + 307. Is d prime?
True
Let d(z) = -17*z**2 + 7*z - 1. Let m(j) = -18*j**2 + 8*j - 1. Let x(g) = -3*d(g) + 2*m(g). Let t be x(4). Let q = -94 + t. Is q a composite number?
False
Let c be (2/3)/((-10)/(-75)). Suppose -c*b = -u + 25, -5*u + 3*b = 2*b - 29. Suppose q - 3 = 0, 51 + 135 = 3*v - u*q. Is v composite?
False
Let s(o) be the second derivative of 0 + 53/6*o**3 - 9*o - 4*o**2. Is s(5) composite?
False
Suppose -5*z - 1100 = -3*c - c, 848 = 3*c + 2*z. Let x = 407 - c. Is x a prime number?
True
Suppose 11*t + 2 = 12*t. Let p be (28/21)/(t/6). Suppose 0*f = -p*f + 212. Is f composite?
False
Suppose 4*n - 3 - 1 = 4*u, -2*n = -5*u + 7. Let s be 292/(-3) - (-1)/u. Let r = -66 - s. Is r composite?
False
Let y(g) = -g**3 + 2*g - 9. Let z be y(-4). Suppose -z*j - 1563 = -50*j. Is j a composite number?
False
Let n(m) = -m**2 + 11*m - 6. Let z be n(10). Suppose v + 933 = 4*r, -z*r - 48 = 2*v - 978. Is r a prime number?
True
Let l = -39 + 37. Is (-261)/l - 6/4 composite?
True
Let o(w) be the third derivative of -w**7/5040 + 43*w**6/720 + 3*w**5/20 + 3*w**2. Let q(z) be the third derivative of o(z). Is q(0) prime?
True
Suppose -d + 0*j - 3*j = 352, 2*d - 4*j = -704. Let c = 1359 + d. Is c prime?
False
Is 48254/(-5)*-5*8/16 a composite number?
True
Suppose 684 = 119*q - 117*q. Suppose -12220 = -2*z - q. Is z composite?
False
Let r(m) = -4*m**3 - 3*m**2 - 2. Let c be r(-4). Suppose 0 = 6*u - 4*u - c. Is u a composite number?
False
Suppose 2*y = -0*y + 20. Let b(x) = 8 - 3*x - 10*x - y*x. Is b(-5) prime?
False
Let l(b) = -3*b**3 - b + 77. Is l(-12) prime?
True
Is 4/16*(69028 + (-8 - -8)) a composite number?
False
Let a be (14/56)/(2/(-8)). Le